he prime factors of ((66/12)/(-11))/((-3)/1962).
3, 109
Suppose 5*u - 524 = -99. Suppose -10 = n - u. What are the prime factors of n?
3, 5
Suppose 0 = g + 1, 2*s + g = 1670 + 3485. List the prime factors of s.
2, 1289
Suppose 8*h = 6*h + 1072. List the prime factors of h.
2, 67
What are the prime factors of -10 + 12 + 2099 + 10?
2111
Let x = 317 + -156. What are the prime factors of x?
7, 23
Let j = -251 + 421. List the prime factors of j.
2, 5, 17
Suppose -3*q - 29 = -101. Suppose -q = 2*u + 2*u. What are the prime factors of (5/4)/(u/(-24))?
5
Suppose 0 = -2*w - 0*w, 0 = -4*c - 5*w + 12. Let s be (c - 4)*(-2)/1. Suppose r - 3*u - 20 = 0, 0 = s*u + 2*u. List the prime factors of r.
2, 5
Let c = 6220 - 3298. List the prime factors of c.
2, 3, 487
List the prime factors of (84/(-18))/((-5)/((-1755)/(-2))).
3, 7, 13
Let p(n) = -231*n + 92. What are the prime factors of p(-7)?
1709
Suppose -3*a + 399 = j, 3*a + 131 - 530 = 3*j. Suppose 5*o - a = 67. Suppose o = 4*y + 8. List the prime factors of y.
2
List the prime factors of 33*(8 + -1) + -2.
229
Let c(t) = 15*t**2 + 3*t - 2. Let z(q) = -44*q**2 - 9*q + 6. Let v(h) = -11*c(h) - 4*z(h). List the prime factors of v(-2).
2, 3
Let u be (-1 - 13/(-2))/(1/22). Suppose -3*i - 3*g - 156 = -6*i, -4*g + u = 3*i. What are the prime factors of i?
47
Let q(a) be the third derivative of -a**5/60 + 5*a**4/8 - 7*a**3/6 + 6*a**2. Suppose w + 40 = 6*w. What are the prime factors of q(w)?
7
Let f = -2050 + 5509. What are the prime factors of f?
3, 1153
Let w be -1*(78/(-4))/(2/8). Suppose -3*v + 2 = 8, 4*t - 24 = 2*v. Suppose -3*r - w = -t*r. List the prime factors of r.
3, 13
Let q(m) = -m**3 + 34*m**2 - 16*m + 62. What are the prime factors of q(14)?
2, 1879
Suppose -2*d - 2*v = -0*d, -2*d + 3*v = -10. Suppose 184 = -d*c + 4*c. What are the prime factors of c?
2, 23
Suppose 4*v - 2147 - 3039 = 3*s, 0 = -2*s - 4. List the prime factors of v.
5, 7, 37
Suppose u + 4 - 9 = 0. Suppose 461 - 61 = u*x. Suppose -2*w = -6*w + x. What are the prime factors of w?
2, 5
Let p(r) = -63*r - 17. Let c = 60 + -64. List the prime factors of p(c).
5, 47
Let y(h) = -189*h + 422. What are the prime factors of y(-23)?
19, 251
Let c(z) = -z + 9. Suppose 6*d - 4*d = 10. Let h be c(d). Let o = 34 - h. List the prime factors of o.
2, 3, 5
Let z(d) be the third derivative of -1/60*d**5 + 0*d + 0 + 7*d**2 - 1/2*d**3 - 13/24*d**4. What are the prime factors of z(-11)?
19
Suppose -2*t = t - 435. Suppose 0 = -3*h - 0 + 3, 3*i = 4*h - t. What are the prime factors of i*(3 - (-4)/(-1))?
47
Suppose 3788*q - 10710 = 3779*q. What are the prime factors of q?
2, 5, 7, 17
Let k(l) = -12*l + 3. Let h be k(-10). Let b be h/21 - 2/(-14). Suppose -21 = -3*t + b. List the prime factors of t.
3
Suppose -4*u - 4*z = -312, z + 3*z + 320 = 4*u. Suppose -l + 2*q = -19, -5*l + 4*q + 10 + u = 0. List the prime factors of l.
17
Suppose -7*y = -5*y + 16. Let b(d) = -d**2 - 10*d + 4. Let t be b(y). Let r = t + 37. List the prime factors of r.
3, 19
Let s = -7 + 9. Suppose -2*m + s*o = -90, -5*m + 245 = -0*m + 5*o. What are the prime factors of m?
47
Suppose -93 = -m - 5*v, 2*v - 118 = -5*m + 393. List the prime factors of m.
103
Suppose -t + 6 = -0*t - 4*u, -3*t + 52 = 5*u. Suppose -3*z = -2*x - z + t, 5*x - 20 = 2*z. Let m = x - -24. What are the prime factors of m?
2, 13
Suppose 3*m + 2*w - w - 287 = 0, 0 = 4*m + w - 382. Suppose 9*p - 554 = -m. List the prime factors of p.
3, 17
Let f(v) = 12*v**2 - 28*v - 7. Let q be f(9). Let p = -388 + q. List the prime factors of p.
5, 13
Let a = 140 - -211. What are the prime factors of a?
3, 13
Suppose -4*w + 984 = -1744. What are the prime factors of w?
2, 11, 31
Suppose -4*h + 5*z - 48 = 0, 26 = -h - 2*z + 1. Suppose 0 = 2*i + j - 0*j + 16, 32 = -4*i + 2*j. Let b = i - h. What are the prime factors of b?
3
Let n be 77/33 + 1/(-3). Suppose -r + n*r = 4*j - 97, 3*j = -5*r + 67. List the prime factors of -2 + j - (-4 - -1).
5
Suppose 0 = 3*a + 4*w - 4, 4*a = -2*w + 4 + 8. Suppose z = 5*d - 293, 5*z + 97 = -a*d + 314. Let v = d - 6. What are the prime factors of v?
2, 13
Let y = 207 + 441. What are the prime factors of y?
2, 3
Let w(b) = -11*b**3 - 2*b**2 - 2. Let k be w(2). Suppose 189 - 49 = -2*z. Let n = z - k. List the prime factors of n.
2, 7
Let u be ((-6)/4)/(-3*4/24). Suppose 304 = u*b - o, 3*o = -4*b + 475 - 74. List the prime factors of b.
101
Let s be (10/15)/(2 + (-425)/213). Suppose -7*m + 215 = -s. List the prime factors of m.
3, 17
Suppose -2*p + 231 = 9. Suppose -3*h + 2*h + p = 5*o, 4*o - 108 = -h. List the prime factors of h.
2, 3
Suppose -2*i = 2*i. Let z be (29 - 2)*(1 - i). Suppose 5*p + 40 = 2*g, 2*g - g = -p + z. List the prime factors of g.
5
Let y = -274 - -505. Let k = y - 62. What are the prime factors of k?
13
Let j(y) = -y + 3. Let k be j(4). List the prime factors of k + (1 + 27)*1 + -2.
5
Suppose -2*a + 5*a - 2446 = 4*v, -5*a = -3*v - 4073. List the prime factors of a.
2, 11, 37
Let o(g) = 3*g**2 + 4*g - 22. Suppose 32 = -2*q - 2*q - p, -3*p + 30 = -2*q. What are the prime factors of o(q)?
5, 37
Let c = -122 + 127. Suppose -189 = -3*h - x, 4*x = -c*h - 0*x + 322. What are the prime factors of h?
2, 31
Suppose -16*g = -2*g - 8288. List the prime factors of g.
2, 37
Suppose 8*p = 11921 + 17679. List the prime factors of p.
2, 5, 37
Let g(q) = q**3 + 6*q**2 + 4*q - 1. Let c be g(-5). What are the prime factors of (-3 + 6 - c)*-66?
2, 3, 11
Let g(a) = a**3 + 7*a**2 + a + 11. Let t be g(-7). Suppose -2*q - 8 = 0, t*f - 5*f + 72 = -q. What are the prime factors of f?
2, 17
Let v(c) = -c**2 + c - 2. Let a be v(0). Let x(s) be the second derivative of -s**5/4 - s**3/6 + 19*s. List the prime factors of x(a).
2, 3, 7
Let a(g) = -g**2 - 3*g + 215. Let f be a(0). Suppose f = t - 125. What are the prime factors of t?
2, 5, 17
Suppose 0 = -0*x + x. Suppose x = -r + 7 - 2. Suppose r*q - 2*p = 101, q - 2*p - 23 = -3*p. List the prime factors of q.
3, 7
Let x be 11/(-66) - (-31)/6. Suppose -x*a = -242 - 678. What are the prime factors of a?
2, 23
Let d = 322 + 3400. What are the prime factors of d?
2, 1861
Let q(l) = l**3 - 9*l**2 + 15*l + 16. Let a be q(12). Suppose -5*t = -a - 567. What are the prime factors of t?
239
Suppose 4*l + l - 25 = 0, -2*l = 5*f - 3850. Suppose -6*u + f = -2*u. List the prime factors of u.
2, 3
Let o = 41 + -5. Let w = 38 - o. Suppose 0 = w*s - 78 + 2. List the prime factors of s.
2, 19
Let q = -595 - -647. What are the prime factors of q?
2, 13
Let z(r) = 26*r**2 + r. Suppose 4*n - 2 = 2. Let l be z(n). Let f = 0 + l. List the prime factors of f.
3
Let d = -4863 - -7783. What are the prime factors of d?
2, 5, 73
Let n be 9*-13*9/(-27). Let w = 3 - n. List the prime factors of (-320)/(-18) - 8/w.
2, 3
Suppose 24*l - 20*l - 5*s = 2923, 0 = -4*l + 3*s + 2917. What are the prime factors of l?
727
Suppose 66*m = 52*m + 69468. List the prime factors of m.
2, 3, 827
Let n be (-10 - -28)*(-2)/(-12). List the prime factors of (-4 + n)*-239 + -5.
2, 3, 13
Suppose 6*n - 2*n - 16 = 0. Suppose z - o = -0*o - n, 5*z - 30 = -5*o. Suppose 0 = -2*t + 13 - z. List the prime factors of t.
2, 3
Suppose -2403 = -z - 14*x + 19*x, -3*z + 7209 = 5*x. What are the prime factors of z?
3, 89
Let k(t) be the second derivative of t**4/12 + 2*t**3/3 + t**2/2 + 10*t. Let s be k(-3). Let z = 30 + s. What are the prime factors of z?
2, 7
Suppose 0 = o + 3*o. Suppose o = -4*j + 243 - 59. Let b = j - 24. List the prime factors of b.
2, 11
Let a be (-8)/32 + 49/4. Let i be 2/(-3) + 68/a. Suppose 15 = t + 5*r, t + 104 = i*t - 2*r. What are the prime factors of t?
5
Suppose -3*w - 95 = 2*w. Let d = 13 + w. What are the prime factors of d/(-21) - (-384)/28?
2, 7
Let k(b) = 18*b + 2. Let p(d) = 3*d**3 - d**2 - d + 2. Let q be p(1). Let h be k(q). List the prime factors of h/(12/3)*2.
2, 7
Let w = 5 + -9. List the prime factors of w/12 - -1*(-444)/(-9).
7
List the prime factors of 6 - (13 + 0) - -1799.
2, 7
Let c be -3 + 3 - (20 - 6). Suppose 2*r - 213 = -5*d - 2*r, 4*d + r = 166. Let k = d - c. List the prime factors of k.
5, 11
List the prime factors of (51/(-12)*-4)/((-1)/(-5)).
5, 17
Let g(t) = -t**3 - 6*t**2 - 3*t - 7. Let b be g(-4). What are the prime factors of (-9)/(b/2) - (-386)/6?
5, 13
List the prime fact